n base 8, what is 10 - -40461?
40471
In base 15, what is 7c555 - 3?
7c552
In base 8, what is -140326 - -130?
-140176
In base 14, what is -1bd55 + 10?
-1bd45
In base 4, what is 1020 - 1030302?
-1023222
In base 9, what is 11 - -2334?
2345
In base 13, what is -80 + 316?
266
In base 11, what is 36 - -285?
310
In base 12, what is 8 + 1716?
1722
In base 15, what is -52 + -dba?
-e1c
In base 10, what is -2879 + 299?
-2580
In base 6, what is -1030 + -21215?
-22245
In base 4, what is 1 + -31221?
-31220
In base 5, what is 12 - 200144?
-200132
In base 14, what is -10d93c - -2?
-10d93a
In base 4, what is -101213 + -1022?
-102301
In base 9, what is -4 + 535688?
535684
In base 10, what is 8903 + 46?
8949
In base 5, what is 10433313 + 10?
10433323
In base 5, what is 31210 + -101?
31104
In base 3, what is 1011112121 + -11?
1011112110
In base 5, what is 3403344 + 2?
3403401
In base 5, what is -131133320 + 10?
-131133310
In base 7, what is 24 + 3233?
3260
In base 3, what is -2 - 10122020222?
-10122021001
In base 5, what is -12 + -4411433?
-4412000
In base 13, what is -13b4 + -12?
-13c6
In base 13, what is -11725a + -5?
-117262
In base 8, what is -655601 + -4?
-655605
In base 13, what is 13a - -534?
671
In base 11, what is 41 + -1136?
-10a5
In base 6, what is -23 + 11522?
11455
In base 4, what is 101330132 + -1121?
101323011
In base 3, what is -111222 - 100112012?
-101001011
In base 13, what is 2 + -55676?
-55674
In base 7, what is -55 + -364?
-452
In base 2, what is 111 + -1010010101111?
-1010010101000
In base 15, what is -15d17 - -74?
-15c93
In base 14, what is -3 + -3191?
-3194
In base 13, what is -1bb3a + 9?
-1bb31
In base 13, what is 63b7 - 0?
63b7
In base 4, what is -2112310112 + -2?
-2112310120
In base 6, what is 3125221 - -4?
3125225
In base 10, what is -13834 - -2?
-13832
In base 14, what is 148879 + -4?
148875
In base 4, what is 2 + 300221?
300223
In base 8, what is 201243 + -1?
201242
In base 2, what is -11 + 10011101010010001?
10011101010001110
In base 10, what is 5 + 1513990?
1513995
In base 16, what is 12d + 1e00?
1f2d
In base 8, what is 1 + 75301?
75302
In base 8, what is -61 + -54?
-135
In base 10, what is -2 - -1711?
1709
In base 2, what is 100111011001001 + 1100001?
100111100101010
In base 5, what is 222322 + 11223?
234100
In base 5, what is 23 - -21031?
21104
In base 12, what is 37 - -55b?
596
In base 6, what is -1515 - 10?
-1525
In base 11, what is 145 + -190?
-46
In base 11, what is 351 + -2a?
322
In base 3, what is 21 - -1102100211?
1102101002
In base 5, what is 12103122 + -24?
12103043
In base 13, what is -4a554 + -5?
-4a559
In base 4, what is 0 + 101010230?
101010230
In base 8, what is -2023 - -10?
-2013
In base 9, what is 1575 + 17?
1603
In base 5, what is 2040444 - 2?
2040442
In base 4, what is 30023202 - -2?
30023210
In base 6, what is -102 + -310435?
-310541
In base 12, what is 376a + 448?
3bb6
In base 4, what is -2 + -23302022?
-23302030
In base 2, what is 1110001 + 1000011011?
1010001100
In base 6, what is 11554 + 2?
12000
In base 5, what is -1 - -12230231?
12230230
In base 15, what is 7950 + 1c?
796c
In base 2, what is -1110111011111111010 - -10?
-1110111011111111000
In base 6, what is 2513 + 453?
3410
In base 11, what is 74053 - 4?
7404a
In base 9, what is 10610 - 12?
10587
In base 11, what is -129 - -103?
-26
In base 2, what is -10110010100000110110 + 11?
-10110010100000110011
In base 2, what is 11 - -1001101001001000010?
1001101001001000101
In base 14, what is -2 + 563cd?
563cb
In base 16, what is -17 + -453?
-46a
In base 2, what is 11 + -10110101000010110?
-10110101000010011
In base 10, what is 655692 + 2?
655694
In base 9, what is 22506 - -2?
22508
In base 4, what is 30011120 - -2?
30011122
In base 11, what is 1 - a307?
-a306
In base 14, what is 4 - 1a3?
-19d
In base 15, what is -38c1 + -40?
-3911
In base 16, what is 11 + -63d?
-62c
In base 5, what is -2024 - 11102?
-13131
In base 13, what is -6013 - 1?
-6014
In base 13, what is -16a - 59?
-1c6
In base 4, what is -11001211 - 11?
-11001222
In base 5, what is -1 - 10234411?
-10234412
In base 4, what is -102 - -220312232?
220312130
In base 14, what is 122ac - -2?
122b0
In base 15, what is -62 + 1c9?
167
In base 11, what is 1177 + 31?
11a8
In base 9, what is 136 + -268?
-132
In base 10, what is 5 + -65552?
-65547
In base 2, what is -1011010100 + 11?
-1011010001
In base 6, what is 54 + -24134?
-24040
In base 11, what is -14 - 13241?
-13255
In base 13, what is -61085a + -4?
-610861
In base 8, what is 34403 - -40?
34443
In base 15, what is 0 + -24b1?
-24b1
In base 3, what is -122 + 121102202?
121102010
In base 2, what is -1110 + -100000101110001?
-100000101111111
In base 16, what is -2 + -5837d?
-5837f
In base 3, what is -11110001 + -22?
-11110100
In base 9, what is 108 + -10862?
-10753
In base 13, what is -3392 - -9?
-3386
In base 6, what is 331240 + 0?
331240
In base 5, what is 33400 + -2033?
31312
In base 15, what is -76ee + -1?
-7700
In base 14, what is 7 + -25b86?
-25b7d
In base 16, what is -10a08 + 5?
-10a03
In base 4, what is -13 + -22103330?
-22110003
In base 7, what is 126516 - -2?
126521
In base 11, what is 21 + 5785?
57a6
In base 6, what is 12524020 - -1?
12524021
In base 8, what is 6147114 - 0?
6147114
In base 4, what is -30 - 1101211?
-1101301
In base 9, what is -100444 + 44?
-100400
In base 7, what is 5303 - 1501?
3502
In base 16, what is -4a - 12?
-5c
In base 5, what is 1320203 + -10?
1320143
In base 14, what is -5b877 - 2?
-5b879
In base 7, what is -2 - -3445?
3443
In base 2, what is -11011 + -100011011011101011?
-100011011100000110
In base 12, what is 2193 - -7?
219a
In base 9, what is -240 + 2?
-237
In base 6, what is 2 + 243220?
243222
In base 8, what is 7231 - 1434?
5575
In base 7, what is -4 - 1044510?
-1044514
In base 4, what is 303310 + 111?
310021
In base 2, what is -110110010010100 + -1010?
-110110010011110
In base 7, what is -425615 - 16?
-425634
In base 16, what is c6 + 108?
1ce
In base 16, what is 13c13 - 5?
13c0e
In base 9, what is -1 + -51368?
-51370
In base 16, what is -22 - 1c2?
-1e4
In base 10, what is -1 + 3193?
3192
In base 14, what is 668a2d + 3?
668a32
In base 4, what is -220 - -1301310?
1301030
In base 2, what is 0 + -1000101111001?
-1000101111001
In base 7, what is 0 - -1106046?
1106046
In base 15, what is -425 - -28?
-3ec
In base 15, what is 371 + 24d?
5be
In base 4, what is 1212112 + 102?
1212220
In base 14, what is -40718 + -2?
-4071a
In base 14, what is -3 + 4041?
403c
In base 10, what is -2315 + -9?
-2324
In base 13, what is 6 - 214498?
-214492
In base 14, what is -3 + -189d4?
-189d7
In base 2, what is 1010110 - 100010010111?
-100001000001
In base 11, what is -1 - 12423?
-12424
In base 3, what is 20 - 211202022?
-211202002
In base 5, what is -43 + 2320012?
2314414
In base 10, what is -1 + -135179?
-135180
In base 3, what is -120012102 - 110222?
-120200101
In base 16, what is 34fe4 + 5?
34fe9
In base 15, what is 2 + -68268?
-68266
In base 11, what is -1 + -4265?
-4266
In base 15, what is 4 + -32e5?
-32e1
In base 5, what is -30131 + 4?
-30122
In base 11, what is 4 - -1701?
1705
In base 8, what is -50621 + 0?
-50621
In base 7, what is -11 + 123410?
123366
In base 2, what is 1 - 11101110110101?
-11101110110100
In base 4, what is -303313 + -102?
-310021
In base 13, what is -6aa6c + -5?
-6aa74
In base 7, what is 133211 - -5?
133216
In base 2, what is -10101111101101110 + -101?
-10101111101110011
In base 2, what is 1101 + -1101010011110?
-1101010010001
In base 16, what is -308a6 + 10?
-30896
In base 8, what is 3 + 33634?
33637
In base 16, what is 1 + -192a0?
-1929f
In base 16, what is -a5e5 - 11?
-a5f6
In base 16, what is -14376 + -4?
-1437a
In base 3, what is 100111100101 + -1?
100111100100
In base 16, what is -97 + 262d?
2596
In base 3, what is -2222211012 - 2?
-2222211021
In base 9, what is 38877 - 5?
38872
In base 3, what is 12222000211220 - 11?
12222000211202
In base 10, what is 1 - -2517?
2518
In base 11, what is -8 - 357619?
-357626
In base 4, what is -3 - -1130132?
1130123
In base 9, what is 42676 - -4?
42681
In base 5, what is -114 + 11312?
11143
In base 9, what is -7501 - 18?
-7520
In base 16, what is -13ce9 - 0?
-13ce9
In base 14, what is 5 - aab97?
-aab92
In base 10, what is 1579 + -5?
1574
In base 10, what is -2 + 2932?
2930
In ba